eatest common factor of 4375 and 129105625?
625
What is the greatest common factor of 59472336 and 6864?
528
Calculate the greatest common factor of 145982345 and 4715.
205
What is the greatest common divisor of 5626585 and 25?
5
Calculate the highest common divisor of 426 and 1995846.
6
Calculate the greatest common divisor of 43888 and 20225616.
3376
Calculate the greatest common divisor of 31536534 and 981.
327
What is the greatest common divisor of 11969037 and 1269?
9
Calculate the highest common divisor of 1661 and 308495.
11
Calculate the highest common factor of 167351 and 3293.
37
What is the highest common divisor of 225930 and 139740?
510
Calculate the greatest common factor of 1435 and 292705.
35
Calculate the greatest common divisor of 1866 and 617148711.
933
What is the greatest common factor of 136128 and 21469938?
4254
What is the highest common divisor of 21679 and 2404087?
1141
What is the greatest common factor of 4553978 and 2288?
286
What is the highest common divisor of 475225 and 750?
25
What is the greatest common factor of 124288 and 653696?
128
What is the greatest common divisor of 8512 and 81389056?
448
Calculate the greatest common divisor of 51648763 and 10743.
3581
What is the highest common factor of 8127 and 6062175?
189
Calculate the highest common factor of 6858 and 18285696.
54
What is the highest common factor of 20290 and 32445739?
2029
What is the highest common divisor of 6660 and 462306120?
2220
What is the highest common divisor of 2770791 and 1833?
141
What is the greatest common divisor of 383874211 and 14?
7
What is the highest common divisor of 340 and 2504020?
20
What is the greatest common factor of 8 and 1106488?
8
What is the highest common factor of 854308 and 122839633?
16429
What is the greatest common factor of 660 and 399701940?
660
Calculate the greatest common factor of 240160 and 185650.
790
Calculate the greatest common divisor of 11 and 502482024.
11
What is the highest common factor of 75 and 192156105?
15
Calculate the greatest common factor of 738 and 3177787.
41
What is the highest common factor of 1502410 and 308763?
1183
What is the highest common factor of 2025170 and 224?
14
Calculate the greatest common factor of 4842668 and 4880.
244
What is the greatest common divisor of 22610 and 96546315?
1615
What is the highest common divisor of 47411470 and 34?
34
What is the highest common factor of 801 and 69489?
9
Calculate the highest common factor of 40467529 and 296.
37
Calculate the greatest common factor of 6789 and 5681931348.
6789
Calculate the greatest common divisor of 19195 and 582188189.
3839
Calculate the highest common divisor of 150657 and 42497.
13
Calculate the highest common divisor of 961909 and 949.
13
Calculate the greatest common factor of 5941 and 730184.
13
What is the highest common factor of 2040451 and 1085?
217
What is the highest common divisor of 90729246 and 6?
6
Calculate the highest common divisor of 2447078 and 888212.
1798
Calculate the greatest common divisor of 65 and 302970265.
65
Calculate the greatest common divisor of 52822 and 3355.
11
What is the highest common factor of 25284 and 5619663?
147
What is the highest common factor of 13 and 44331?
1
Calculate the greatest common factor of 3521917 and 7.
7
Calculate the highest common divisor of 112267 and 61439.
131
Calculate the greatest common divisor of 2133 and 222332781.
237
What is the greatest common divisor of 238 and 1062967738?
238
Calculate the highest common factor of 264521 and 7885.
83
What is the greatest common divisor of 2360 and 3666280?
40
What is the highest common factor of 12068155 and 35695?
3245
Calculate the highest common factor of 57473 and 377.
13
What is the highest common factor of 508 and 60773564?
508
What is the greatest common factor of 569738 and 19414?
34
Calculate the highest common divisor of 13849 and 1170851.
11
What is the greatest common divisor of 1565 and 1195?
5
Calculate the greatest common divisor of 520 and 47450780.
260
What is the highest common divisor of 310 and 1134670?
10
Calculate the greatest common divisor of 136360 and 47160.
40
Calculate the highest common divisor of 76576 and 2512.
16
What is the highest common factor of 159732 and 1251?
9
What is the greatest common divisor of 452 and 2625781?
113
Calculate the greatest common divisor of 58 and 2517400.
2
Calculate the greatest common divisor of 818622 and 551943.
63
What is the highest common factor of 3260 and 2132692?
652
What is the highest common divisor of 9091932450 and 1770?
1770
Calculate the highest common factor of 9824 and 3256042.
614
What is the greatest common divisor of 10668328 and 2904?
968
What is the highest common divisor of 848 and 567880?
8
Calculate the greatest common divisor of 50 and 121083290.
10
Calculate the greatest common factor of 8288 and 9618.
14
What is the greatest common divisor of 31329611 and 1465?
293
Calculate the greatest common divisor of 11859159 and 24.
3
Calculate the highest common factor of 96 and 70074656.
32
What is the greatest common factor of 43623 and 952121?
37
Calculate the highest common divisor of 355865 and 365539.
691
What is the highest common factor of 6882 and 734377073?
1147
What is the highest common divisor of 1793034475 and 1450?
725
What is the greatest common divisor of 723207541 and 7?
7
Calculate the greatest common divisor of 446875 and 1086800.
3575
What is the greatest common factor of 528845998 and 818?
818
What is the greatest common factor of 1950228 and 6552?
252
Calculate the highest common divisor of 169 and 33235033.
169
What is the greatest common factor of 2696 and 309417224?
2696
What is the highest common divisor of 15362095 and 140?
35
Calculate the greatest common factor of 5772 and 24995646.
2886
Calculate the greatest common factor of 393336 and 1417176.
648
Calculate the highest common divisor of 3303039 and 738993.
2361
What is the highest common factor of 1485 and 2465055?
45
What is the highest common divisor of 85612 and 74517692?
5036
Calculate the highest common divisor of 2 and 2452354.
2
What is the greatest common factor of 114696 and 8773272?
1944
What is the highest common divisor of 2792 and 6736312?
8
Calculate the greatest common factor of 42075370 and 20.
10
What is the greatest common factor of 32150 and 14432135?
3215
What is the highest common divisor of 12087 and 16167?
51
What is the greatest common divisor of 13 and 736639?
1
What is the highest common factor of 230 and 84982010?
230
What is the highest common divisor of 4886453 and 2587?
13
What is the greatest common factor of 66552844 and 852?
284
Calculate the greatest common divisor of 1275 and 486744.
51
What is the highest common divisor of 70 and 22843870?
70
What is the highest common divisor of 196 and 7994301?
49
What is the highest common divisor of 25010 and 1369400?
410
Calculate the greatest common divisor of 5009424 and 341153.
877
What is the greatest common divisor of 12942585 and 270?
135
What is the highest common divisor of 4110 and 2696055?
15
Calculate the highest common factor of 4557 and 3101651.
49
Calculate the highest common divisor of 46688 and 13462193.
1459
Calculate the greatest common divisor of 3 and 3230124.
3
Calculate the greatest common factor of 277370 and 30790.
10
Calculate the highest common divisor of 7371 and 14627067.
273
Calculate the greatest common factor of 492 and 19722558.
246
Calculate the highest common divisor of 877842 and 3402.
126
Calculate the highest common divisor of 68572 and 340907.
217
Calculate the greatest common divisor of 190 and 142366810.
190
Calculate the greatest common divisor of 324 and 60336090.
162
Calculate the greatest common divisor of 19034223 and 273.
39
What is the greatest common divisor of 3723 and 62947413?
51
What is the highest common factor of 69034 and 38710?
14
What is the highest common factor of 18893 and 18207?
7
Calculate the highest common factor of 5174853 and 14259.
291
Calculate the highest common divisor of 5810870 and 2990.
130
What is the greatest common divisor of 28223 and 272475697?
2171
What is the highest common divisor of 536733 and 243?
27
What is the highest common divisor of 20 and 18901430?
10
What is the highest